2) composite?
True
Let c = 986 - 694. Suppose k + l - c = 0, 5*l + 605 = 8*k - 6*k. Is k composite?
True
Let m = -56 + 56. Suppose -4124 = k + 2*s, m*s = -k + 2*s - 4104. Is 6/4 + k/(-44) a prime number?
False
Let z(b) = 30*b**2 + 3*b + 8. Let y be z(-11). Let o = y + -2076. Let r = o + -898. Is r prime?
True
Let u be ((-36)/7)/((-1)/7). Let o(p) = 18*p + 23*p + 11 - 8*p**2 - u*p - p**3. Is o(-14) composite?
False
Suppose 2*h - 23 = 13. Suppose 2*f = h - 8. Suppose 0 = 2*l - f*r - 3391, -4*l + 5*r - 3487 = -10264. Is l prime?
True
Let r = 429839 + -254242. Is r a prime number?
False
Let k be (-315)/(-30) - 3/(-2). Let i be (3*3/18)/((-1)/k). Is 2/i*(-1 + -3164) a prime number?
False
Let i(j) = -528*j - 193. Let m be ((-21)/2)/(6/16). Is i(m) prime?
True
Let p(z) = 85*z**3 - 6*z**2 - 36*z + 103. Is p(12) prime?
True
Suppose 5*d + 138469 = -4*x - 19446, -4*x + 63194 = -2*d. Is ((-30)/(-9))/(-10)*d composite?
False
Suppose -3*d + 3379 = -5*s, 3*d - s = -2*d + 5617. Let v be -7026*(40/(-6) + 6). Suppose -3*h + v = d. Is h prime?
True
Suppose f = 4*m - 69, -11*f + 12 = -7*f. Is (84/m - 4)*(-13044)/(-8) a prime number?
True
Let b be (-3 + (-210)/18)/(4/(-6)). Let k be 6 - 84/(-22) - (-4)/b. Let l(p) = -p + 25. Is l(k) composite?
True
Suppose -16*z + z - 223950 = 0. Is z/(-8) + 1 + 31/(-124) prime?
True
Let k be 0 + 8/(-20) + (-34)/(-10). Suppose -3*j + 6*j + 2*f - 1 = 0, -2*f = 5*j - k. Is ((-3)/(60/5))/(j/(-764)) prime?
True
Let v = -8800 - -116177. Is v a prime number?
True
Let j be (6 - 1) + -1 + -2. Suppose j*q + q = 5*t + 7846, q = 2*t + 2615. Let s = -1340 + q. Is s a composite number?
False
Suppose 2*v - 121027 = 5*y, y - 208041 - 94567 = -5*v. Is v composite?
False
Suppose -g - 105138 = -4*n - 6*g, 0 = -2*g - 4. Suppose -5185 = -4*y + n. Suppose -10*i = -14*i + y. Is i a composite number?
True
Let g(f) = -37*f + 24. Let w(o) = 36*o - 24. Let m(q) = -3*g(q) - 2*w(q). Let i be m(9). Let l = 476 - i. Is l a prime number?
True
Suppose -19*y - 3*y = -110. Is (-3327)/(-12)*(5/y - -3) a composite number?
False
Let v(h) = 2*h**3 + 3*h**2 - 5*h + 1. Let q(t) = 3*t**3 + 3*t + 3. Let k be q(-1). Let o be (54/45)/(k/(-10)). Is v(o) prime?
True
Suppose -5*b = -4*s + 107 - 114, 2*s + 5*b - 19 = 0. Suppose 4*z = s*t - 3966, 22*t + 2*z - 9879 = 17*t. Is t a prime number?
False
Let j(w) = 17*w**2 + 5*w - 14. Suppose -5*o - 6*g - 33 = -5*g, 4 = 2*g. Let c be j(o). Let i = c - 403. Is i a composite number?
True
Let d(q) = -63*q**2 + 10*q + 48. Let x(u) = 30*u**2 - 5*u - 24. Let o(b) = 2*d(b) + 5*x(b). Let g be (-1)/(-6) + 123/18. Is o(g) a prime number?
True
Let q = 595054 + -291724. Is 40/100*q/4 composite?
True
Is -77086*(12*1/3 - 5) composite?
True
Let w(o) = -12*o**3 + 8*o**2 + 241*o + 70. Is w(-17) a prime number?
True
Suppose -11*j + 6*j = -40. Let u(b) = -b**3 + 7*b**2 + 8*b + 6. Let g be u(j). Let l(i) = 2*i**3 - i**2 + 2*i + 3. Is l(g) a prime number?
False
Suppose 56 = -4*m + 64. Suppose -m*l + 1304 = 2*v, 3*l - 1950 = -12*v + 11*v. Is l a prime number?
False
Suppose 30*t - 32*t = 160. Let x = 44 + -159. Let v = t - x. Is v prime?
False
Is ((-2)/((-1)/1))/((3080/(-2458372))/(-55)) a prime number?
False
Suppose -11*y + 48 = -7*y. Suppose 2*x = -2*m + y, -15 + 5 = 3*x - 4*m. Suppose x*t + r - 1243 = -2*r, 5*r = -4*t + 2489. Is t prime?
False
Let v(r) = -14*r + 139. Let m be v(10). Is (-7 - -4 - 5206)*m composite?
False
Let n(u) = 6*u**2 + 718*u**3 - 3*u**2 - 1 + 26*u - 717*u**3. Is n(8) a composite number?
False
Let j(r) = 614*r**2 - 28*r + 89. Is j(14) a prime number?
True
Suppose p = -d, 2*d - p + 4*p = -4. Suppose d*r - 3*k - 12041 = 0, -15*r + 10*r + 15050 = -5*k. Is r prime?
True
Suppose 0 = -8*p + 34366 - 12574. Let k = 5717 - p. Is k composite?
True
Let h = 9126 - 5077. Is h composite?
False
Suppose -4*j = -2*p + p - 62625, 2*p - 46977 = -3*j. Let w = j - 10034. Is w prime?
True
Let g be 1 - (4/(-3))/((-2)/(-6)). Suppose i + 322 = 4*x + 83, -4*i = g*x + 872. Let o = 1404 + i. Is o a prime number?
True
Let p = 129002 + -60345. Is p prime?
False
Let o(d) = 171*d**3 + 20*d**2 + 40*d - 281. Is o(9) composite?
True
Let h = 113234 - 56577. Is h a composite number?
True
Suppose 0 = -5*p - 6*p + 22. Suppose -3 = p*d - 5*t, -4*d + 5*t - 17 = -d. Is d/(-49) - (-25005)/21 composite?
True
Suppose 3*b - b - f = 41, -4*f + 12 = 0. Suppose -20*x - 4106 = -b*x. Is x a prime number?
True
Let j(y) = 440*y - 3. Let a = -45 - -50. Suppose 10 = -0*m + a*m. Is j(m) composite?
False
Let n(r) = -2*r**3 + 57*r**2 + 43*r - 409. Let u be n(29). Suppose -5*c + 3*s = 2 + 2, 13 = 4*c + 3*s. Is 10*89 + u + 1 + c a prime number?
False
Let j(u) = 120*u - 20. Let v be j(22). Suppose -2*z + 2896 = -v. Suppose -3*w = g - z, 0 = 5*w + 4*g - 5742 + 1157. Is w a prime number?
False
Let g = 481 + 651. Let h be (-1)/(4/g)*(0 + -1). Let i = 64 + h. Is i prime?
True
Suppose 0 = -4*j + 2*z + 16, -4*j - 7*z + 8*z + 12 = 0. Suppose 4*p - 9444 = -j*p. Is p a prime number?
False
Let o be 15/9*(-9)/(-5). Suppose -21923 = -5*s + 4*j + 17906, -7981 = -s - o*j. Is s prime?
False
Let z(v) = -69*v - 962. Let y be z(-14). Let k(q) be the second derivative of q**5/10 + q**4/2 - q**3/2 + q**2/2 - q. Is k(y) composite?
True
Let n be 1*(3/3 + 1). Suppose 3*t + t - 16326 = -n*g, -t + 2*g + 4089 = 0. Is t a prime number?
False
Let m be (-34)/(-6) + 3/9. Suppose -m*u + 1005 - 171 = 0. Is u a composite number?
False
Suppose 4*x - 15938 = 3*y, 2*x - 5*y = -3*y + 7970. Let w = x - 1966. Is w composite?
False
Suppose -1263718 - 280721 - 2053937 = -8*z. Is z prime?
True
Let x(s) = -75*s**3 + s**2 - 33*s - 116. Is x(-7) a composite number?
False
Suppose 3 = -3*r, -3*z + 4*r - 49555 = -540992. Is z a composite number?
False
Suppose u = -12 - 12. Let g be (16 - 5) + 2349/3. Is (g/(-5))/(u/60) composite?
False
Let m = -531887 + 1158364. Is m prime?
True
Let r(w) = -w**2 + 1785. Let h be r(0). Suppose -3*b + 4*y - 2696 = 0, 71*b - 2690 = 74*b - y. Let p = b + h. Is p composite?
True
Suppose -3*o - 5*k = -66416, 243*k - 22122 = -o + 238*k. Is o a composite number?
False
Suppose -27*b + 21645 = -14*b. Let u = -758 + b. Is u prime?
True
Suppose 5*q + 1655505 = 5*c, 5*c + q = c + 1324394. Is c a composite number?
False
Let l(w) = 2*w - 5. Let z be l(4). Suppose -z*r + 0*r + 1981 = 5*y, 0 = 5*r + y - 3309. Suppose r = 4*h - 2*h. Is h prime?
True
Suppose 3*r - 4*d - 85797 = 0, -5*r + 4*d + 64288 + 78707 = 0. Is (12/(-9))/((-4)/r) composite?
False
Let r(p) = 2*p**2 + 85*p - 6. Let b be r(9). Suppose -3*a - 2*z = -b, -a + 33*z = 29*z - 307. Is a a composite number?
False
Suppose 1824 = 2*q + 5*i - 3*i, -3*q - 4*i = -2735. Let x = q - 356. Is x a composite number?
False
Let l be (-27)/(-12)*40/6. Let z(c) = -65*c**2 + 30*c**2 + 5 + c + l + 36*c**2. Is z(17) a prime number?
False
Let t(o) = 835*o + 16. Let i be (-6)/4*(-736)/48. Suppose 3*v = 5*n - 3, 2*v = -3*n + i - 6. Is t(n) prime?
True
Let i(p) = -178*p - 540 - 58*p + 671 - 754*p. Is i(-36) composite?
False
Let r(n) = 3969*n**3 - 4*n**2 + 10*n - 8. Is r(1) a prime number?
True
Let i(n) = -n**3 - 3*n**2 + 7*n + 1. Let p be i(-5). Let a be 38968/p + 3/6. Suppose 5*q = 3*g - a, -3*g + 4047 = 2*g - 4*q. Is g prime?
False
Let w = -16442 - -28484. Suppose 17*h - w = -h. Is h composite?
True
Suppose -3*q + 210996 = -882138. Suppose -139893 + 18431 = -v + 2*f, 2*f - q = -3*v. Is (-1)/7 + v/70 a prime number?
False
Suppose -3*s - 4*z + 31589 = 0, -3*s + 12*z = 9*z - 31575. Let d = s - 3766. Is d composite?
False
Let x = -2298 + -65445. Let l(s) = 2*s**2 - 11*s - 8. Let g be l(6). Is (-4)/(-22) + g/(66/x) composite?
False
Let v(h) = 13*h + 1. Let w be v(-1). Let r be (-1002)/(-9) + 4/w. Suppose 2*u - 717 = -r. Is u prime?
False
Suppose -s + 4*a - 18 = 0, 0*s - 59 = 4*s - 3*a. Let u(b) = -184*b + 53. Is u(s) prime?
False
Let y(z) = -z**3 + 49*z**2 + 92*z + 107. Is y(-57) prime?
True
Let j(r) = r**2 - 3*r - 10. Let o be j(9). Suppose -4*m - 24 + o = 0. Let q(t) = 6*t**3 - 5*t**2 + 6*t - 14. Is q(m) a prime number?
True
Let i(f) = 5*f**2 - 13*f + 9. Let y(q) = q - 5. Let a be y(19). Let d(h) = h**3 - 15*h**2 + 16*h - 17. Let l be d(a). Is i(l) a composite number?
True
Let p be (-536)/3 + 0 + (-132)/99. Is (4 - p/(-8))*-26 composite?
True
Let g be 5 + ((-178870)/(7 - 2))/(-1). Su